s the remainder when 24 is divided by o?
0
Suppose -u = 3*u. Let m = 210 + -205. What is the remainder when 14 + u/(-2 + 0) is divided by m?
4
Suppose 5*x + 25 = 5*s, s + 4 = -x + 5. Let f(k) = -4*k - 3. What is the remainder when 9 is divided by f(x)?
4
Suppose -5*n + 4*q = -135, 0 = 4*n + q - 102 - 6. Suppose -2 = -2*a, v + n = 3*a - 1. Let t = v - -68. Calculate the remainder when t is divided by 15.
13
Suppose 3*m + 2*s - 47 - 3 = 0, 4*m - 105 = 5*s. What is the remainder when m is divided by 11?
9
Let r = -60 - -137. Calculate the remainder when (-104)/(-7) + 11/r is divided by 9.
6
Suppose -3*g + 50 = t, 2*t = -3*g - 2*g + 83. What is the remainder when g is divided by (9/(-4))/(2/(-8))?
8
Let b = -92 - -132. Calculate the remainder when b is divided by 6.
4
Suppose 0*l - 5 = -3*l + 5*b, -2*l = 3*b - 35. Suppose 2*m = f - l, 3 - 19 = -4*m. Calculate the remainder when f is divided by (5/3)/(2/6).
3
Let i(s) = s - 1. Suppose -6 = -b - 2. What is the remainder when 7 is divided by i(b)?
1
Let q be 2*(-2 - -1) + 8. Let p = 5 - q. Calculate the remainder when 1 is divided by p/((-1 - 1)/2).
0
Let g = -12 + 16. What is the remainder when g is divided by 3?
1
Let m(k) = -9*k**3 + 2*k + 1. Calculate the remainder when m(-2) is divided by 18.
15
Suppose 21 = 2*a - 4*g - 9, 3*a - 5*g - 48 = 0. Let x = 88 - 77. What is the remainder when a is divided by x?
10
Suppose 4*v + 40 = 4*t, -t = t - 3*v - 19. Let j be 4/(-12) + (-16)/6. Let k(u) = -3*u**3 - 3*u**2 + 5*u + 4. What is the remainder when k(j) is divided by t?
10
Let q(t) = t**3 - 10*t**2 - 8*t - 13. Calculate the remainder when 59 is divided by q(11).
19
Let k be 0 - 4*1/(-2). Let g = 112 - 74. Suppose -3*b = -k*q + 79, -b = q + 1 - g. Calculate the remainder when q is divided by 13.
12
Suppose -g + 28 = 4*q + g, g + 22 = 4*q. Let n be 14/3 - (-2)/q. What is the remainder when 2 is divided by (n - 2)*(-2)/(-3)?
0
Let a(t) = 4*t**2 + 7*t + 9. Calculate the remainder when 30 is divided by a(-2).
8
Let k be 3/(1 + 2) + 0. Suppose -2 = -2*n + 5*i - k, 0 = 5*n - 3*i - 31. What is the remainder when 14 is divided by n?
6
Let h = -19 + 37. Suppose -5*a - 3*v = -50, -v + 40 = 6*a - 2*a. What is the remainder when h is divided by a?
8
Let x = 22 + -10. Let g = 125 - 73. Calculate the remainder when -2 + g - (-4 + 7) is divided by x.
11
Let b(g) = g + 7. Let r be b(-4). Suppose -r*t + t + 24 = 0. Let q(c) = 2*c**3 + 3*c**2 - 3*c. What is the remainder when q(2) is divided by t?
10
Let o(n) = -n**3 - 6*n**2 - 7*n - 3. Calculate the remainder when 20 is divided by o(-5).
6
What is the remainder when (-1)/(-5) - 48/(-10) is divided by 2?
1
Let i be 4/(-6) - (-229)/(-3). Let z = 110 + i. Let a = 56 - z. What is the remainder when a is divided by 12?
11
Let t(m) = 2*m**3 - 25*m**2 + 10*m + 25. Suppose -x - 4 = -0. Let o(g) = g + 6. Calculate the remainder when o(x) is divided by t(12).
0
Let l(i) = 1 - 4 + i**2 - 7 + i. Calculate the remainder when 59 is divided by l(-6).
19
Let n(w) = w**2 + 4*w - 21. Calculate the remainder when 19 is divided by n(4).
8
Let h(q) = 7*q + 4. Let g be ((-5)/(-2))/(35/84). Calculate the remainder when h(g) is divided by 12.
10
Suppose 2 = 5*p - 13. Suppose p*f - f = 40. Calculate the remainder when 58 is divided by f.
18
Suppose -21 + 5 = -2*l - 3*v, 0 = l - v - 3. Suppose -3 = -i + 1. Suppose l*h + 8 = -0*b + b, b = i*h + 8. What is the remainder when 23 is divided by b?
7
Let l = 26 + -4. Let r = 42 - l. What is the remainder when r is divided by 7?
6
Let h = 3 - -11. Let v = -4 + 8. Suppose 0 = 4*z - 6*z + v*g, -3*z + g = -20. Calculate the remainder when h is divided by z.
6
Let w = 13 - 5. Let u(r) = r**3 - 7*r**2 + 7*r - 1. Let d be u(6). Suppose d*j = 22 + 3. What is the remainder when w is divided by j?
3
Let d be -2 + (1 - (-2 + -1)). Suppose -3*u + d*j + 17 = 0, -j + 22 = 4*u - 4*j. What is the remainder when (38/(-2))/(1*-1) is divided by u?
5
Suppose -7 = 3*q + 2, 2*a + 13 = -5*q. Let m be 5/2 - a/2. Calculate the remainder when 35 is divided by ((-1)/m)/(5/(-180)).
17
Let p = 11 + -8. Suppose -q - 6 = 2*w, 4*q = q + p*w - 9. Calculate the remainder when -8*(q + 1 - -1) is divided by 6.
4
Suppose f - 2 - 3 = 0. Suppose -2*z - z - 5*u + 26 = 0, 3*u - 18 = -3*z. What is the remainder when f is divided by z?
1
Suppose 3*n = -w - 0*n + 11, 2*n + 2 = 0. Let v(o) = o**2 + o - 4. Calculate the remainder when w is divided by v(-4).
6
Let b = 6 - 6. Suppose b = v + 3*v - 188. What is the remainder when v is divided by 16?
15
Suppose 5*k = -0*k + 15. Suppose -2*r - a - k = 0, 0 = 2*r + 5*a - 22 + 5. Let l = r - -5. What is the remainder when 2 is divided by l?
0
Suppose -20 = -4*w - w. Suppose -p + 5*v + 20 = p, 3*p + w*v - 7 = 0. Let u = p - 2. Calculate the remainder when 8 is divided by u.
2
Let x = 7 + -10. What is the remainder when (4/(-10))/(1/(-45)) is divided by (x/(-2))/(9/60)?
8
Suppose 6*d + z - 9 = 3*d, 0 = -4*z + 12. Suppose -12 = -d*m - 4. Calculate the remainder when 6 is divided by m.
2
Let r = -5 + 1. Calculate the remainder when ((-98)/(-21))/(r/(-18)) is divided by 11.
10
Let p be 1*(7 - 1)/(-3). Let c be 9*1/(-6)*p. Suppose -c*z + 2*z + 22 = 0. Calculate the remainder when z is divided by 12.
10
Let w = -6 + 10. Let b(p) = p**3 - 5*p**2 + 5*p - 5. Let g be b(w). What is the remainder when 31 is divided by 14 + (-4 - g - 0)?
9
Let g = 94 + -57. Calculate the remainder when g is divided by 14.
9
Suppose -130 = -2*k + 28. What is the remainder when k is divided by 9?
7
Suppose -5*c + 125 = -0*c. What is the remainder when c is divided by 2/(-4) - (-38)/4?
7
Suppose -a + 6*a - 233 = -2*f, f + 131 = 3*a. What is the remainder when 269 is divided by a?
44
Let r be 0 + 124/(2/2). Suppose -10 + r = 2*h. What is the remainder when h is divided by 15?
12
Suppose -2*r + 4*g = -g - 39, -4*g + 15 = 5*r. What is the remainder when r is divided by 10*(1 + (-9)/15)?
3
Suppose 4*y + 108 = 3*o + y, 0 = 3*y + 9. Suppose -o = -4*f + 43. What is the remainder when f is divided by 7?
5
Suppose -5*t + 229 - 34 = 0. Suppose -z - t = -a - 0*a, 145 = 3*a + 4*z. What is the remainder when a is divided by 11?
10
Let a(l) = l**2 + 3*l - 5. Let s = 4 - 2. Calculate the remainder when a(-5) is divided by s.
1
Let s(t) = t**3 + 4*t**2 + 4*t + 4. Let x be s(-3). Suppose 4*f + 69 = 5*g - x, 0 = -5*g + 5*f + 70. What is the remainder when g is divided by 8?
6
Let w = -29 - -44. Suppose -2*j + w = j. Calculate the remainder when j is divided by (-4)/(-2*(1 - 0)).
1
Suppose 0 = -j + 3*j, i - 7 = 2*j. Suppose -5*n + 87 = 22. Calculate the remainder when n is divided by i.
6
Let w(u) = -2*u - 9. Let g be w(-6). Suppose 3*l = -3*h + g, 0 = 5*l + h - 12 - 1. What is the remainder when l is divided by 1?
0
Let d be (-1005)/(-9) - 8/12. Suppose -5*h + d = -4. Calculate the remainder when h is divided by 13.
10
Let z = -28 - -56. Let g(x) = -x**3 - 5*x**2 + 6*x + 10. What is the remainder when z is divided by g(-6)?
8
Suppose -14 = -a - 11. Let r(u) = u**2 + 2*u + 2. Calculate the remainder when a is divided by r(-2).
1
Let h be (18/(-15))/((-6)/20). Suppose 0 = -h*d - 4, 35 = 4*p - d + 6*d. Calculate the remainder when 27 is divided by p.
7
Let z(n) = -2*n. Let b be z(-2). Let x = b - 1. Suppose x*g + 0*g = 27. Calculate the remainder when g is divided by 5.
4
Let u(o) = 53*o - 49. Calculate the remainder when u(6) is divided by 30.
29
Suppose 4*h = 7*m - 10*m + 45, -2*h = 2*m - 30. Calculate the remainder when 26 is divided by m.
11
Let y(u) = -u**2 - 5*u + 2. Suppose -5*b - 22 = -37. Calculate the remainder when y(-4) is divided by b.
0
Suppose 2*r = -0*r + l + 13, -5*r = -l - 37. What is the remainder when 37 is divided by r?
5
Let l(g) = -3*g**3 - 2*g**2 + 3. What is the remainder when l(-3) is divided by 23?
20
Let u = -89 + 95. What is the remainder when u is divided by 2?
0
Calculate the remainder when (-28 - 2)/((-24)/16) is divided by 8.
4
Suppose p + 6 = 2*p. Suppose l - 20 + p = 0. Suppose -3*j + 191 = 5*k, k + j = l + 25. Calculate the remainder when k is divided by 10.
7
Suppose 3*d + 4*o - 75 = 0, -3*o = 8*d - 4*d - 100. What is the remainder when (-2)/8 + 189/4 is divided by d?
22
Suppose 3*t + k - 229 = -k, k - 76 = -t. What is the remainder when t is divided by 21?
14
Let 